



{"id":5702,"date":"2020-08-12T13:59:55","date_gmt":"2020-08-12T11:59:55","guid":{"rendered":"http:\/\/cresus-209.ovh\/onmne.tn\/?page_id=5702"},"modified":"2020-09-10T11:28:10","modified_gmt":"2020-09-10T09:28:10","slug":"section-2-le-conseil-administratif","status":"publish","type":"page","link":"\/?page_id=5702","title":{"rendered":"Section 2 &#8211; Le conseil administratif"},"content":{"rendered":"[vc_row][vc_column][vc_column_text]\r\n<p><strong>Art. 13.<\/strong><br \/>Le directeur g\u00e9n\u00e9ral est assist\u00e9 dans le fonctionnement de l\u2019Observatoire National des Maladies Nouvelles et \u00c9mergentes par<\/p>\r\n<p>un conseil administratif compos\u00e9 de :<\/p>\r\n<p><br \/><strong>Pr\u00e9sident :<\/strong>\u00a0le directeur g\u00e9n\u00e9ral de l\u2019observatoire.<br \/><strong>Membres :<\/strong><\/p>\r\n\r\n\r\n\r\n<ul>\r\n<li>Un repr\u00e9sentant du Premier minist\u00e8re,<\/li>\r\n<li>Un repr\u00e9sentant du minist\u00e8re de la sant\u00e9,<\/li>\r\n<li>Un repr\u00e9sentant du minist\u00e8re de l\u2019int\u00e9rieur et du d\u00e9veloppement local,<\/li>\r\n<li>Un repr\u00e9sentant du minist\u00e8re des finances,<\/li>\r\n<li>Un repr\u00e9sentant du minist\u00e8re du d\u00e9veloppement et de la coop\u00e9ration internationale,<\/li>\r\n<li>Un repr\u00e9sentant du minist\u00e8re de l\u2019enseignement sup\u00e9rieur,<\/li>\r\n<li>Un repr\u00e9sentant du minist\u00e8re de la recherche scientifique, de la technologie et du d\u00e9veloppement des comp\u00e9tences,<\/li>\r\n<li>Un repr\u00e9sentant du minist\u00e8re de l\u2019agriculture et des ressources hydrauliques,<\/li>\r\n<li>Un repr\u00e9sentant du minist\u00e8re de l\u2019environnement et du d\u00e9veloppement durable.<\/li>\r\n<\/ul>\r\n\r\n<p>Les membres du conseil administratif sont nomm\u00e9s par arr\u00eat\u00e9 du ministre de la sant\u00e9 publique sur proposition des minist\u00e8res concern\u00e9s. Le directeur g\u00e9n\u00e9ral de l\u2019observatoire peut inviter toute personne dont la pr\u00e9sence est jug\u00e9e utile en raison de sa comp\u00e9tence dans une question figurant \u00e0 l\u2019ordre du jour de la r\u00e9union.<br \/>Le secr\u00e9tariat du conseil est confi\u00e9 \u00e0 un cadre de l\u2019observatoire d\u00e9sign\u00e9 par le directeur g\u00e9n\u00e9ral.<\/p>\r\n[\/vc_column_text][\/vc_column][\/vc_row]\r\n[vc_empty_space height=\u00a0\u00bb22px\u00a0\u00bb]\r\n<em>Derni\u00e8re Modification :<\/em>  10\/09\/2020 11:28:10\r\n[vc_empty_space height=\u00a0\u00bb22px\u00a0\u00bb]\r\n\r\n<p><!--nextpage--><\/p>\r\n[vc_row][vc_column][vc_column_text]\r\n<p><strong>Art. 14.<\/strong><br \/>Le conseil administratif a pour attributions de donner son avis sur :<\/p>\r\n\r\n\r\n\r\n<ul>\r\n<li>Le projet du budget, le compte financier et le rapport d\u2019activit\u00e9 de l\u2019observatoire,<\/li>\r\n<li>Les march\u00e9s de fournitures et services,<\/li>\r\n<li>Les acquisitions, ali\u00e9nations, \u00e9changes et baux des biens immeubles ainsi que l\u2019acceptation des dons et legs,<\/li>\r\n<li>Toute autre question relative \u00e0 la gestion et au fonctionnement de l\u2019observatoire que le directeur g\u00e9n\u00e9ral juge utile de lui soumettre.<\/li>\r\n<\/ul>\r\n\r\n<p><strong>Art. 15.<\/strong><br \/>Le conseil administratif se r\u00e9unit au moins une fois tous les trois mois et chaque fois qu\u2019il est n\u00e9cessaire, sur convocation de son pr\u00e9sident ou \u00e0 la demande de la moiti\u00e9 au moins de ses membres.<br \/>Le directeur g\u00e9n\u00e9ral \u00e9tablit l\u2019ordre du jour du conseil administratif et le fait adresser \u00e0 tous les membres du conseil, accompagn\u00e9 des documents objet de la r\u00e9union, quinze jours au moins avant la date de sa r\u00e9union.<\/p>\r\n\r\n<p><strong>Art. 16.<\/strong><br \/>Le conseil administratif \u00e9met ses avis \u00e0 la majorit\u00e9 des voix des membres pr\u00e9sents et en cas de partage des voix, celle du pr\u00e9sident est pr\u00e9pond\u00e9rante. Le conseil ne peut se r\u00e9unir valablement qu\u2019en pr\u00e9sence de la majorit\u00e9 de ses membres.Si le quorum n\u2019est pas atteint apr\u00e8s une premi\u00e8re convocation, une deuxi\u00e8me r\u00e9union est tenue dans les quinze jours qui suivent quelque soit le nombre des membres pr\u00e9sents.<\/p>\r\n[\/vc_column_text][\/vc_column][\/vc_row]\r\n[vc_empty_space height=\u00a0\u00bb22px\u00a0\u00bb]\r\n<em>Derni\u00e8re Modification :<\/em>  10\/09\/2020 11:28:10\r\n[vc_empty_space height=\u00a0\u00bb22px\u00a0\u00bb]\r\n\r\n<p><!--nextpage--><\/p>\r\n[vc_row][vc_column][vc_column_text]\r\n<p><strong>Art. 17.<\/strong><br \/>Les d\u00e9lib\u00e9rations du conseil administratif sont consign\u00e9es dans des proc\u00e8s-verbaux sign\u00e9s par le directeur g\u00e9n\u00e9ral de l\u2019observatoire et le secr\u00e9taire du conseil.<br \/>Les proc\u00e8s-verbaux sont consign\u00e9s dans un registre tenu, \u00e0 cet effet, au si\u00e8ge de l\u2019observatoire.<br \/>Une copie du proc\u00e8s-verbal de chaque r\u00e9union est adress\u00e9e au ministre de la sant\u00e9 dans un d\u00e9lai maximum de quinze jours suivant la date de la r\u00e9union.<\/p>\r\n[\/vc_column_text][\/vc_column][\/vc_row]\r\n[vc_empty_space height=\u00a0\u00bb22px\u00a0\u00bb]\r\n<em>Derni\u00e8re Modification :<\/em>  10\/09\/2020 11:28:10\r\n[vc_empty_space height=\u00a0\u00bb22px\u00a0\u00bb]","protected":false},"excerpt":{"rendered":"<p>[vc_row][vc_column][vc_column_text] Art. 13.Le directeur g\u00e9n\u00e9ral est assist\u00e9 dans le fonctionnement de l\u2019Observatoire National des Maladies Nouvelles et \u00c9mergentes par un conseil administratif compos\u00e9 de : Pr\u00e9sident :\u00a0le directeur g\u00e9n\u00e9ral de l\u2019observatoire.Membres : Un repr\u00e9sentant du Premier minist\u00e8re, Un repr\u00e9sentant du&hellip;<\/p>\n","protected":false},"author":1,"featured_media":0,"parent":0,"menu_order":0,"comment_status":"closed","ping_status":"closed","template":"","meta":{"_bbp_topic_count":0,"_bbp_reply_count":0,"_bbp_total_topic_count":0,"_bbp_total_reply_count":0,"_bbp_voice_count":0,"_bbp_anonymous_reply_count":0,"_bbp_topic_count_hidden":0,"_bbp_reply_count_hidden":0,"_bbp_forum_subforum_count":0,"_links_to":"","_links_to_target":""},"_links":{"self":[{"href":"\/index.php?rest_route=\/wp\/v2\/pages\/5702"}],"collection":[{"href":"\/index.php?rest_route=\/wp\/v2\/pages"}],"about":[{"href":"\/index.php?rest_route=\/wp\/v2\/types\/page"}],"author":[{"embeddable":true,"href":"\/index.php?rest_route=\/wp\/v2\/users\/1"}],"replies":[{"embeddable":true,"href":"\/index.php?rest_route=%2Fwp%2Fv2%2Fcomments&post=5702"}],"version-history":[{"count":14,"href":"\/index.php?rest_route=\/wp\/v2\/pages\/5702\/revisions"}],"predecessor-version":[{"id":9067,"href":"\/index.php?rest_route=\/wp\/v2\/pages\/5702\/revisions\/9067"}],"wp:attachment":[{"href":"\/index.php?rest_route=%2Fwp%2Fv2%2Fmedia&parent=5702"}],"curies":[{"name":"wp","href":"https:\/\/api.w.org\/{rel}","templated":true}]}}