



{"id":5580,"date":"2020-07-14T15:17:49","date_gmt":"2020-07-14T13:17:49","guid":{"rendered":"http:\/\/cresus-209.ovh\/onmne.tn\/?page_id=5580"},"modified":"2021-11-16T10:35:31","modified_gmt":"2021-11-16T09:35:31","slug":"publications","status":"publish","type":"page","link":"\/?page_id=5580","title":{"rendered":"Publications"},"content":{"rendered":"[vc_row][vc_column]<div class=\"vcex-image vcex-module vcex-clr\"><span class=\"vcex-image-inner\"><img src=\"\/wp-content\/uploads\/2020\/07\/slider2-1.png\" alt='' data-no-retina width=\"1255\" height=\"281\" \/><\/span><\/div>[vc_empty_space height=\u00a0\u00bb20px\u00a0\u00bb][\/vc_column][\/vc_row][vc_row][vc_column][vc_column_text]\n[\/vc_column_text][\/vc_column][\/vc_row][vc_row bg_style=\u00a0\u00bbstretch\u00a0\u00bb border_style=\u00a0\u00bbsolid\u00a0\u00bb margin_bottom=\u00a0\u00bb20px\u00a0\u00bb][vc_column][vc_tour][vc_tab title=\u00a0\u00bbNos Publications\u00a0\u00bb tab_id=\u00a0\u00bb1385884009-1-77&Prime;][vc_column_text]Pr\u00e9paration de la riposte nationale \u00e0 une \u00e9ventuelle \u00e9pid\u00e9mie d\u2019infections humaines par le nouveau CORONAVIRUS (MERS-CoV)<\/p>\n<p>BULLETIN N\u00b02 &#8211; SURVEILLANCE DE L&rsquo;INFECTION A VWN EN TUNISIE<\/p>\n<p>First multicenter study for risk factors for hepatocellular carcinoma development in North Africa<\/p>\n<p><a href=\"https:\/\/www.onmne.tn\/?page_id=5783\">Voir Plus<\/a>[\/vc_column_text][\/vc_tab][vc_tab title=\u00a0\u00bbBulletins mensuels de la veille internationale\u00a0\u00bb tab_id=\u00a0\u00bb1385884009-2-82&Prime;][vc_column_text]Pr\u00e9paration de la riposte nationale \u00e0 une \u00e9ventuelle \u00e9pid\u00e9mie d\u2019infections humaines par le nouveau CORONAVIRUS (MERS-CoV)<\/p>\n<p>BULLETIN N\u00b02 &#8211; SURVEILLANCE DE L&rsquo;INFECTION A VWN EN TUNISIE<\/p>\n<p>First multicenter study for risk factors for hepatocellular carcinoma development in North Africa<\/p>\n<p><a href=\"https:\/\/www.onmne.tn\/?page_id=5786\">Voir Plus<\/a>[\/vc_column_text][\/vc_tab][vc_tab title=\u00a0\u00bbBulletins Grippe Pand\u00e9mique\u00a0\u00bb tab_id=\u00a0\u00bb1385884041437-2-3&Prime;][vc_column_text]Bulletin mensuel de surveillance de la grippe saisonni\u00e8re, janvier 2018<\/p>\n<p>Recommandations du vidal 2017 pour la vaccination anti grippale<\/p>\n<p>Bulletin de surveillance de la grippe saisonni\u00e8re mois de novembre 2017<\/p>\n<p><a href=\"https:\/\/www.onmne.tn\/?page_id=5789\">Voir Plus<\/a>[\/vc_column_text][\/vc_tab][vc_tab title=\u00a0\u00bbCorona Virus\u00a0\u00bb tab_id=\u00a0\u00bb1385884042983-3-8&Prime;][vc_column_text]Application E7mi de tra\u00e7age pour pr\u00e9venir les personnes ayant \u00e9t\u00e9 en contact proche avec une personne COVID-19 positive-Tunisie<\/p>\n<p>Note sur la situation \u00e9pid\u00e9miologique du &lsquo;COVID-19&Prime; \u00e0 la date du 09 Juillet 2020<\/p>\n<p>Classification des pays en fonction du niveau de risque COVID-19 le 08\/07\/2020<\/p>\n<p>Conduite \u00e0 tenir et mesures pour la gestion des cas COVID-19 et des contacts<\/p>\n<p><a href=\"https:\/\/www.onmne.tn\/?page_id=5792\">Voir Plus<\/a>[\/vc_column_text][\/vc_tab][\/vc_tour][\/vc_column][\/vc_row]\n","protected":false},"excerpt":{"rendered":"<p>[vc_row][vc_column][vc_empty_space height=\u00a0\u00bb20px\u00a0\u00bb][\/vc_column][\/vc_row][vc_row][vc_column][vc_column_text] [\/vc_column_text][\/vc_column][\/vc_row][vc_row bg_style=\u00a0\u00bbstretch\u00a0\u00bb border_style=\u00a0\u00bbsolid\u00a0\u00bb margin_bottom=\u00a0\u00bb20px\u00a0\u00bb][vc_column][vc_tour][vc_tab title=\u00a0\u00bbNos Publications\u00a0\u00bb tab_id=\u00a0\u00bb1385884009-1-77&Prime;][vc_column_text]Pr\u00e9paration de la riposte nationale \u00e0 une \u00e9ventuelle \u00e9pid\u00e9mie d\u2019infections humaines par le nouveau CORONAVIRUS (MERS-CoV) BULLETIN N\u00b02 &#8211; SURVEILLANCE DE L&rsquo;INFECTION A VWN EN TUNISIE First multicenter study for risk factors&hellip;<\/p>\n","protected":false},"author":1,"featured_media":0,"parent":0,"menu_order":0,"comment_status":"closed","ping_status":"closed","template":"","meta":{"_bbp_topic_count":0,"_bbp_reply_count":0,"_bbp_total_topic_count":0,"_bbp_total_reply_count":0,"_bbp_voice_count":0,"_bbp_anonymous_reply_count":0,"_bbp_topic_count_hidden":0,"_bbp_reply_count_hidden":0,"_bbp_forum_subforum_count":0,"_links_to":"","_links_to_target":""},"_links":{"self":[{"href":"\/index.php?rest_route=\/wp\/v2\/pages\/5580"}],"collection":[{"href":"\/index.php?rest_route=\/wp\/v2\/pages"}],"about":[{"href":"\/index.php?rest_route=\/wp\/v2\/types\/page"}],"author":[{"embeddable":true,"href":"\/index.php?rest_route=\/wp\/v2\/users\/1"}],"replies":[{"embeddable":true,"href":"\/index.php?rest_route=%2Fwp%2Fv2%2Fcomments&post=5580"}],"version-history":[{"count":54,"href":"\/index.php?rest_route=\/wp\/v2\/pages\/5580\/revisions"}],"predecessor-version":[{"id":15398,"href":"\/index.php?rest_route=\/wp\/v2\/pages\/5580\/revisions\/15398"}],"wp:attachment":[{"href":"\/index.php?rest_route=%2Fwp%2Fv2%2Fmedia&parent=5580"}],"curies":[{"name":"wp","href":"https:\/\/api.w.org\/{rel}","templated":true}]}}